{"id":46,"date":"2021-03-16T10:57:31","date_gmt":"2021-03-16T09:57:31","guid":{"rendered":"https:\/\/adhonores.alsace\/?page_id=46"},"modified":"2024-11-27T16:41:15","modified_gmt":"2024-11-27T15:41:15","slug":"cybermenances-partenaires","status":"publish","type":"page","link":"https:\/\/adhonores.alsace\/index.php\/cybermenances-partenaires\/","title":{"rendered":"FRC &#8211; PARTENAIRES"},"content":{"rendered":"\n<h1 class=\"wp-block-heading\">FRC &#8211; PARTENAIRES<\/h1>\n\n\n\n<hr class=\"wp-block-separator has-css-opacity\"\/>\n\n\n\n<div class=\"wp-block-columns is-layout-flex wp-container-core-columns-is-layout-9d6595d7 wp-block-columns-is-layout-flex\">\n<div class=\"wp-block-column is-layout-flow wp-block-column-is-layout-flow\" style=\"flex-basis:33.33%\">\n<figure class=\"wp-block-image size-full\"><img loading=\"lazy\" decoding=\"async\" width=\"400\" height=\"300\" src=\"https:\/\/adhonores.alsace\/wp-content\/uploads\/2023\/09\/INSP.jpg\" alt=\"\" class=\"wp-image-1879\" srcset=\"https:\/\/adhonores.alsace\/wp-content\/uploads\/2023\/09\/INSP.jpg 400w, https:\/\/adhonores.alsace\/wp-content\/uploads\/2023\/09\/INSP-300x225.jpg 300w\" sizes=\"auto, (max-width: 400px) 100vw, 400px\" \/><\/figure>\n<\/div>\n\n\n\n<div class=\"wp-block-column is-layout-flow wp-block-column-is-layout-flow\" style=\"flex-basis:66.66%\">\n<h2 class=\"wp-block-heading\">INSP DE STRASBOURG<\/h2>\n\n\n\n<p>1 Rue Sainte-Marguerite, 67000 Strasbourg<\/p>\n\n\n\n<p><a rel=\"noreferrer noopener\" href=\"http:\/\/www.ena.fr\" target=\"_blank\">www.ena.fr<\/a><\/p>\n\n\n\n<p>Cr\u00e9\u00e9e par le G\u00e9n\u00e9ral de Gaulle le 9 octobre 1945, l\u2019\u00c9cole nationale d\u2019administration a pour principes fondateurs de d\u00e9mocratiser l\u2019acc\u00e8s \u00e0 la haute fonction publique et de professionnaliser la formation des hauts fonctionnaires.<\/p>\n<\/div>\n<\/div>\n\n\n\n<div class=\"wp-block-columns is-layout-flex wp-container-core-columns-is-layout-9d6595d7 wp-block-columns-is-layout-flex\">\n<div class=\"wp-block-column is-layout-flow wp-block-column-is-layout-flow\" style=\"flex-basis:33.33%\">\n<figure class=\"wp-block-image size-full\"><img loading=\"lazy\" decoding=\"async\" width=\"400\" height=\"300\" src=\"https:\/\/adhonores.alsace\/wp-content\/uploads\/2021\/08\/cci-alsace-eurometropole-WEB.jpg\" alt=\"\" class=\"wp-image-1466\" srcset=\"https:\/\/adhonores.alsace\/wp-content\/uploads\/2021\/08\/cci-alsace-eurometropole-WEB.jpg 400w, https:\/\/adhonores.alsace\/wp-content\/uploads\/2021\/08\/cci-alsace-eurometropole-WEB-300x225.jpg 300w\" sizes=\"auto, (max-width: 400px) 100vw, 400px\" \/><\/figure>\n<\/div>\n\n\n\n<div class=\"wp-block-column is-layout-flow wp-block-column-is-layout-flow\" style=\"flex-basis:66.66%\">\n<h2 class=\"wp-block-heading\">CCI ALSACE EUROMETROPOLE<\/h2>\n\n\n\n<p>10 Place Gutenberg Cs 70 012, 67081 Strasbourg Cedex<\/p>\n\n\n\n<p><a href=\"http:\/\/www.alsace-eurometropole.cci.fr\" target=\"_blank\" rel=\"noreferrer noopener\">www.alsace-eurometropole.cci.fr<\/a><\/p>\n\n\n\n<p>La Chambre de Commerce et d&rsquo;Industrie Alsace Eurom\u00e9tropole&nbsp;propose conseils, accompagnements \u00e0 la cr\u00e9ation et au d\u00e9veloppement d\u2019entreprises locales.<\/p>\n<\/div>\n<\/div>\n\n\n\n<div class=\"wp-block-columns is-layout-flex wp-container-core-columns-is-layout-9d6595d7 wp-block-columns-is-layout-flex\">\n<div class=\"wp-block-column is-layout-flow wp-block-column-is-layout-flow\" style=\"flex-basis:33.33%\">\n<figure class=\"wp-block-image size-full\"><img loading=\"lazy\" decoding=\"async\" width=\"400\" height=\"300\" src=\"https:\/\/adhonores.alsace\/wp-content\/uploads\/2023\/05\/REGION-GDEST-2023.jpg\" alt=\"\" class=\"wp-image-1842\" srcset=\"https:\/\/adhonores.alsace\/wp-content\/uploads\/2023\/05\/REGION-GDEST-2023.jpg 400w, https:\/\/adhonores.alsace\/wp-content\/uploads\/2023\/05\/REGION-GDEST-2023-300x225.jpg 300w\" sizes=\"auto, (max-width: 400px) 100vw, 400px\" \/><\/figure>\n<\/div>\n\n\n\n<div class=\"wp-block-column is-layout-flow wp-block-column-is-layout-flow\" style=\"flex-basis:66.66%\">\n<h2 class=\"wp-block-heading\">REGION GRAND EST<\/h2>\n\n\n\n<p><a rel=\"noreferrer noopener\" href=\"https:\/\/www.grandest.fr\/\" target=\"_blank\">www.grandest.fr<\/a><\/p>\n<\/div>\n<\/div>\n\n\n\n<div class=\"wp-block-columns is-layout-flex wp-container-core-columns-is-layout-9d6595d7 wp-block-columns-is-layout-flex\">\n<div class=\"wp-block-column is-layout-flow wp-block-column-is-layout-flow\" style=\"flex-basis:33.33%\">\n<figure class=\"wp-block-image size-full\"><img loading=\"lazy\" decoding=\"async\" width=\"400\" height=\"300\" src=\"https:\/\/adhonores.alsace\/wp-content\/uploads\/2024\/11\/BPALC.jpg\" alt=\"\" class=\"wp-image-2208\" srcset=\"https:\/\/adhonores.alsace\/wp-content\/uploads\/2024\/11\/BPALC.jpg 400w, https:\/\/adhonores.alsace\/wp-content\/uploads\/2024\/11\/BPALC-300x225.jpg 300w\" sizes=\"auto, (max-width: 400px) 100vw, 400px\" \/><\/figure>\n<\/div>\n\n\n\n<div class=\"wp-block-column is-layout-flow wp-block-column-is-layout-flow\" style=\"flex-basis:66.66%\">\n<h2 class=\"wp-block-heading\">BANQUE POPULAIRE &#8211; ALC<\/h2>\n\n\n\n<p><a href=\"https:\/\/www.banquepopulaire.fr\/bpalc\/entreprises\/\">www.banquepopulaire.fr\/alc<\/a><\/p>\n<\/div>\n<\/div>\n\n\n\n<div class=\"wp-block-columns is-layout-flex wp-container-core-columns-is-layout-9d6595d7 wp-block-columns-is-layout-flex\">\n<div class=\"wp-block-column is-layout-flow wp-block-column-is-layout-flow\" style=\"flex-basis:33.33%\">\n<figure class=\"wp-block-image size-full\"><img loading=\"lazy\" decoding=\"async\" width=\"400\" height=\"300\" src=\"https:\/\/adhonores.alsace\/wp-content\/uploads\/2024\/11\/ATHEO.jpg\" alt=\"\" class=\"wp-image-2210\" srcset=\"https:\/\/adhonores.alsace\/wp-content\/uploads\/2024\/11\/ATHEO.jpg 400w, https:\/\/adhonores.alsace\/wp-content\/uploads\/2024\/11\/ATHEO-300x225.jpg 300w\" sizes=\"auto, (max-width: 400px) 100vw, 400px\" \/><\/figure>\n<\/div>\n\n\n\n<div class=\"wp-block-column is-layout-flow wp-block-column-is-layout-flow\" style=\"flex-basis:66.66%\">\n<h2 class=\"wp-block-heading\">ATHEO<\/h2>\n\n\n\n<p><a href=\"https:\/\/www.atheo.net\/\">www.atheo.net<\/a><\/p>\n<\/div>\n<\/div>\n\n\n\n<div class=\"wp-block-columns is-layout-flex wp-container-core-columns-is-layout-9d6595d7 wp-block-columns-is-layout-flex\">\n<div class=\"wp-block-column is-layout-flow wp-block-column-is-layout-flow\" style=\"flex-basis:33.33%\">\n<figure class=\"wp-block-image size-full\"><img loading=\"lazy\" decoding=\"async\" width=\"400\" height=\"300\" src=\"https:\/\/adhonores.alsace\/wp-content\/uploads\/2024\/11\/GENDARMERIE.jpg\" alt=\"\" class=\"wp-image-2211\" srcset=\"https:\/\/adhonores.alsace\/wp-content\/uploads\/2024\/11\/GENDARMERIE.jpg 400w, https:\/\/adhonores.alsace\/wp-content\/uploads\/2024\/11\/GENDARMERIE-300x225.jpg 300w\" sizes=\"auto, (max-width: 400px) 100vw, 400px\" \/><\/figure>\n<\/div>\n\n\n\n<div class=\"wp-block-column is-layout-flow wp-block-column-is-layout-flow\" style=\"flex-basis:66.66%\">\n<h2 class=\"wp-block-heading\">GENDARMERIE NATIONALE<\/h2>\n\n\n\n<p><a href=\"https:\/\/www.gendarmerie.interieur.gouv.fr\/\">www.gendarmerie.interieur.gouv.fr<\/a><\/p>\n<\/div>\n<\/div>\n\n\n\n<div class=\"wp-block-columns is-layout-flex wp-container-core-columns-is-layout-9d6595d7 wp-block-columns-is-layout-flex\">\n<div class=\"wp-block-column is-layout-flow wp-block-column-is-layout-flow\" style=\"flex-basis:33.33%\">\n<figure class=\"wp-block-image size-full\"><img loading=\"lazy\" decoding=\"async\" width=\"400\" height=\"300\" src=\"https:\/\/adhonores.alsace\/wp-content\/uploads\/2024\/11\/CRCC.jpg\" alt=\"\" class=\"wp-image-2212\" srcset=\"https:\/\/adhonores.alsace\/wp-content\/uploads\/2024\/11\/CRCC.jpg 400w, https:\/\/adhonores.alsace\/wp-content\/uploads\/2024\/11\/CRCC-300x225.jpg 300w\" sizes=\"auto, (max-width: 400px) 100vw, 400px\" \/><\/figure>\n<\/div>\n\n\n\n<div class=\"wp-block-column is-layout-flow wp-block-column-is-layout-flow\" style=\"flex-basis:66.66%\">\n<h2 class=\"wp-block-heading\">CNCC<\/h2>\n\n\n\n<p><a href=\"https:\/\/www.cncc.fr\/\">www.cncc.fr<\/a><\/p>\n<\/div>\n<\/div>\n\n\n\n<div class=\"wp-block-columns is-layout-flex wp-container-core-columns-is-layout-9d6595d7 wp-block-columns-is-layout-flex\">\n<div class=\"wp-block-column is-layout-flow wp-block-column-is-layout-flow\" style=\"flex-basis:33.33%\">\n<figure class=\"wp-block-gallery has-nested-images columns-default is-cropped wp-block-gallery-1 is-layout-flex wp-block-gallery-is-layout-flex\">\n<figure class=\"wp-block-image size-large\"><img loading=\"lazy\" decoding=\"async\" width=\"400\" height=\"300\" data-id=\"2213\" src=\"https:\/\/adhonores.alsace\/wp-content\/uploads\/2024\/11\/LCR.jpg\" alt=\"\" class=\"wp-image-2213\" srcset=\"https:\/\/adhonores.alsace\/wp-content\/uploads\/2024\/11\/LCR.jpg 400w, https:\/\/adhonores.alsace\/wp-content\/uploads\/2024\/11\/LCR-300x225.jpg 300w\" sizes=\"auto, (max-width: 400px) 100vw, 400px\" \/><\/figure>\n<\/figure>\n<\/div>\n\n\n\n<div class=\"wp-block-column is-layout-flow wp-block-column-is-layout-flow\" style=\"flex-basis:66.66%\">\n<h2 class=\"wp-block-heading\">LCR<\/h2>\n\n\n\n<p><a href=\"https:\/\/www.lcr.fr\/\">www.lcr.fr<\/a><\/p>\n<\/div>\n<\/div>\n\n\n\n<div class=\"wp-block-columns is-layout-flex wp-container-core-columns-is-layout-9d6595d7 wp-block-columns-is-layout-flex\">\n<div class=\"wp-block-column is-layout-flow wp-block-column-is-layout-flow\" style=\"flex-basis:33.33%\">\n<figure class=\"wp-block-image size-full\"><img loading=\"lazy\" decoding=\"async\" width=\"400\" height=\"300\" src=\"https:\/\/adhonores.alsace\/wp-content\/uploads\/2024\/11\/SYSTANCIA.jpg\" alt=\"\" class=\"wp-image-2214\" srcset=\"https:\/\/adhonores.alsace\/wp-content\/uploads\/2024\/11\/SYSTANCIA.jpg 400w, https:\/\/adhonores.alsace\/wp-content\/uploads\/2024\/11\/SYSTANCIA-300x225.jpg 300w\" sizes=\"auto, (max-width: 400px) 100vw, 400px\" \/><\/figure>\n<\/div>\n\n\n\n<div class=\"wp-block-column is-layout-flow wp-block-column-is-layout-flow\" style=\"flex-basis:66.66%\">\n<h2 class=\"wp-block-heading\">SYSTANCIA<\/h2>\n\n\n\n<p><a href=\"https:\/\/www.systancia.com\/\">www.systancia.com<\/a><\/p>\n<\/div>\n<\/div>\n\n\n\n<div class=\"wp-block-columns is-layout-flex wp-container-core-columns-is-layout-9d6595d7 wp-block-columns-is-layout-flex\">\n<div class=\"wp-block-column is-layout-flow wp-block-column-is-layout-flow\" style=\"flex-basis:33.33%\">\n<figure class=\"wp-block-image size-full\"><img loading=\"lazy\" decoding=\"async\" width=\"400\" height=\"300\" src=\"https:\/\/adhonores.alsace\/wp-content\/uploads\/2024\/11\/SG-BANQUE-MUTUALISTE.jpg\" alt=\"\" class=\"wp-image-2215\" srcset=\"https:\/\/adhonores.alsace\/wp-content\/uploads\/2024\/11\/SG-BANQUE-MUTUALISTE.jpg 400w, https:\/\/adhonores.alsace\/wp-content\/uploads\/2024\/11\/SG-BANQUE-MUTUALISTE-300x225.jpg 300w\" sizes=\"auto, (max-width: 400px) 100vw, 400px\" \/><\/figure>\n<\/div>\n\n\n\n<div class=\"wp-block-column is-layout-flow wp-block-column-is-layout-flow\" style=\"flex-basis:66.66%\">\n<h2 class=\"wp-block-heading\">SOCIETE GENERALE<\/h2>\n\n\n\n<p><a href=\"https:\/\/particuliers.sg.fr\/\">www.societegenerale.fr<\/a><\/p>\n\n\n\n<h2 class=\"wp-block-heading\">BANQUE FRANCAISE MUTUALISTE<\/h2>\n\n\n\n<p><a href=\"https:\/\/banquefrancaisemutualiste.fr\/\">www.banquefrancaisemutualiste.fr<\/a><\/p>\n<\/div>\n<\/div>\n","protected":false},"excerpt":{"rendered":"<p>FRC &#8211; PARTENAIRES INSP DE STRASBOURG 1 Rue Sainte-Marguerite, 67000 Strasbourg www.ena.fr Cr\u00e9\u00e9e par le G\u00e9n\u00e9ral de Gaulle le 9 octobre 1945, l\u2019\u00c9cole nationale d\u2019administration a pour principes fondateurs de d\u00e9mocratiser l\u2019acc\u00e8s \u00e0 la haute fonction publique et de professionnaliser la formation des hauts fonctionnaires. CCI ALSACE EUROMETROPOLE 10 Place Gutenberg Cs 70 012, 67081 [&hellip;]<\/p>\n","protected":false},"author":1,"featured_media":0,"parent":0,"menu_order":0,"comment_status":"closed","ping_status":"closed","template":"page-templates\/page-full-width.php","meta":{"footnotes":""},"class_list":["post-46","page","type-page","status-publish","hentry"],"_links":{"self":[{"href":"https:\/\/adhonores.alsace\/index.php\/wp-json\/wp\/v2\/pages\/46","targetHints":{"allow":["GET"]}}],"collection":[{"href":"https:\/\/adhonores.alsace\/index.php\/wp-json\/wp\/v2\/pages"}],"about":[{"href":"https:\/\/adhonores.alsace\/index.php\/wp-json\/wp\/v2\/types\/page"}],"author":[{"embeddable":true,"href":"https:\/\/adhonores.alsace\/index.php\/wp-json\/wp\/v2\/users\/1"}],"replies":[{"embeddable":true,"href":"https:\/\/adhonores.alsace\/index.php\/wp-json\/wp\/v2\/comments?post=46"}],"version-history":[{"count":27,"href":"https:\/\/adhonores.alsace\/index.php\/wp-json\/wp\/v2\/pages\/46\/revisions"}],"predecessor-version":[{"id":2230,"href":"https:\/\/adhonores.alsace\/index.php\/wp-json\/wp\/v2\/pages\/46\/revisions\/2230"}],"wp:attachment":[{"href":"https:\/\/adhonores.alsace\/index.php\/wp-json\/wp\/v2\/media?parent=46"}],"curies":[{"name":"wp","href":"https:\/\/api.w.org\/{rel}","templated":true}]}}