{"id":54,"date":"2021-03-16T11:02:55","date_gmt":"2021-03-16T10:02:55","guid":{"rendered":"https:\/\/adhonores.alsace\/?page_id=54"},"modified":"2021-08-30T10:57:03","modified_gmt":"2021-08-30T08:57:03","slug":"fer-editions","status":"publish","type":"page","link":"https:\/\/adhonores.alsace\/index.php\/fer-editions\/","title":{"rendered":"FER &#8211; EDITIONS"},"content":{"rendered":"\n<h1 class=\"wp-block-heading\">FER &#8211; EDITIONS PASSEES<\/h1>\n\n\n\n<hr class=\"wp-block-separator\"\/>\n\n\n\n<h1 class=\"has-text-color wp-block-heading\" style=\"color:#004b98\">Forum Emploi Reconversion 2020<\/h1>\n\n\n\n<h3 class=\"wp-block-heading\">Le 19 mars 2020 au CREF de Colmar.<\/h3>\n\n\n\n<p>T\u00e9l\u00e9charger&nbsp;<a href=\"https:\/\/adhonores.alsace\/wp-content\/uploads\/2021\/03\/FER_2020_presentation.pdf\" target=\"_blank\" rel=\"noreferrer noopener\">la pr\u00e9sentation du Forum FER 2020<\/a>.<\/p>\n\n\n\n<p>Le Forum a \u00e9t\u00e9 annul\u00e9 compte tenu de la situation sanitaire en France.<\/p>\n\n\n\n<hr class=\"wp-block-separator is-style-wide\"\/>\n\n\n\n<h1 class=\"has-text-color wp-block-heading\" style=\"color:#004b98\">Forum Emploi Reconversion 2019<\/h1>\n\n\n\n<h3 class=\"wp-block-heading\">Le 21 mars 2019 au CREF \u00e0 Colmar.<\/h3>\n\n\n\n<p>T\u00e9l\u00e9charger&nbsp;<a rel=\"noreferrer noopener\" href=\"https:\/\/adhonores.alsace\/wp-content\/uploads\/2021\/03\/PROGRAMME-19.pdf\" target=\"_blank\">le programme des conf\u00e9rences<\/a>. |  <a rel=\"noreferrer noopener\" href=\"https:\/\/adhonores.alsace\/wp-content\/uploads\/2021\/03\/PROGRAMME-19.pdf\" target=\"_blank\">la pr\u00e9sentation du Forum FER 2019<\/a>. |  <a rel=\"noreferrer noopener\" href=\"https:\/\/adhonores.alsace\/wp-content\/uploads\/2021\/03\/DNA-2019-03-_-Nouvelle-vie-dans-le-civil.pdf\" target=\"_blank\">article de Presse DNA<\/a>.<\/p>\n\n\n\n<h3 class=\"wp-block-heading\">Les entreprises partenaires<\/h3>\n\n\n<div id=\"pl-gb54-69df72f283467\"  class=\"panel-layout\" ><div id=\"pg-gb54-69df72f283467-0\"  class=\"panel-grid panel-no-style\" ><div id=\"pgc-gb54-69df72f283467-0-0\"  class=\"panel-grid-cell\" ><div id=\"panel-gb54-69df72f283467-0-0-0\" class=\"so-panel widget widget_sow-image-grid panel-first-child panel-last-child widgetopts-SO\" data-index=\"0\" ><div\n\t\t\t\n\t\t\tclass=\"so-widget-sow-image-grid so-widget-sow-image-grid-default-3fbf13dff59f-54\"\n\t\t\t\n\t\t>\t<div\n\t\tclass=\"sow-image-grid-wrapper\"\n\t\tdata-max-width=\"200\"\t\t\t>\n\t\t\t\t\t<div class=\"sow-image-grid-image\">\n\t\t\t\t\t\t\t\t\t\t\t\t<img loading=\"lazy\" decoding=\"async\" width=\"400\" height=\"300\" src=\"https:\/\/adhonores.alsace\/wp-content\/uploads\/2021\/03\/butachimie-400.jpg\" class=\"sow-image-grid-image_html\" alt=\"\" title=\"BUTACHIMIE\" srcset=\"https:\/\/adhonores.alsace\/wp-content\/uploads\/2021\/03\/butachimie-400.jpg 400w, https:\/\/adhonores.alsace\/wp-content\/uploads\/2021\/03\/butachimie-400-300x225.jpg 300w\" sizes=\"auto, (max-width: 400px) 100vw, 400px\" \/>\t\t\t\t\t\t\t\t\t\t\t<\/div>\n\t\t\t\t\t<div class=\"sow-image-grid-image\">\n\t\t\t\t\t\t\t\t\t\t\t\t<img loading=\"lazy\" decoding=\"async\" width=\"400\" height=\"300\" src=\"https:\/\/adhonores.alsace\/wp-content\/uploads\/2021\/03\/colas-400.jpg\" class=\"sow-image-grid-image_html\" alt=\"\" title=\"COLAS\" srcset=\"https:\/\/adhonores.alsace\/wp-content\/uploads\/2021\/03\/colas-400.jpg 400w, https:\/\/adhonores.alsace\/wp-content\/uploads\/2021\/03\/colas-400-300x225.jpg 300w\" sizes=\"auto, (max-width: 400px) 100vw, 400px\" \/>\t\t\t\t\t\t\t\t\t\t\t<\/div>\n\t\t\t\t\t<div class=\"sow-image-grid-image\">\n\t\t\t\t\t\t\t\t\t\t\t\t<img loading=\"lazy\" decoding=\"async\" width=\"400\" height=\"300\" src=\"https:\/\/adhonores.alsace\/wp-content\/uploads\/2021\/03\/CRIT-400.jpg\" class=\"sow-image-grid-image_html\" alt=\"\" title=\"CRIT\" srcset=\"https:\/\/adhonores.alsace\/wp-content\/uploads\/2021\/03\/CRIT-400.jpg 400w, https:\/\/adhonores.alsace\/wp-content\/uploads\/2021\/03\/CRIT-400-300x225.jpg 300w\" sizes=\"auto, (max-width: 400px) 100vw, 400px\" \/>\t\t\t\t\t\t\t\t\t\t\t<\/div>\n\t\t\t\t\t<div class=\"sow-image-grid-image\">\n\t\t\t\t\t\t\t\t\t\t\t\t<img loading=\"lazy\" decoding=\"async\" width=\"400\" height=\"300\" src=\"https:\/\/adhonores.alsace\/wp-content\/uploads\/2021\/03\/ENGIE-400.jpg\" class=\"sow-image-grid-image_html\" alt=\"\" title=\"ENGIE\" srcset=\"https:\/\/adhonores.alsace\/wp-content\/uploads\/2021\/03\/ENGIE-400.jpg 400w, https:\/\/adhonores.alsace\/wp-content\/uploads\/2021\/03\/ENGIE-400-300x225.jpg 300w\" sizes=\"auto, (max-width: 400px) 100vw, 400px\" \/>\t\t\t\t\t\t\t\t\t\t\t<\/div>\n\t\t\t\t\t<div class=\"sow-image-grid-image\">\n\t\t\t\t\t\t\t\t\t\t\t\t<img loading=\"lazy\" decoding=\"async\" width=\"400\" height=\"300\" src=\"https:\/\/adhonores.alsace\/wp-content\/uploads\/2021\/03\/EPS-400.jpg\" class=\"sow-image-grid-image_html\" alt=\"\" title=\"EPS\" srcset=\"https:\/\/adhonores.alsace\/wp-content\/uploads\/2021\/03\/EPS-400.jpg 400w, https:\/\/adhonores.alsace\/wp-content\/uploads\/2021\/03\/EPS-400-300x225.jpg 300w\" sizes=\"auto, (max-width: 400px) 100vw, 400px\" \/>\t\t\t\t\t\t\t\t\t\t\t<\/div>\n\t\t\t\t\t<div class=\"sow-image-grid-image\">\n\t\t\t\t\t\t\t\t\t\t\t\t<img loading=\"lazy\" decoding=\"async\" width=\"400\" height=\"300\" src=\"https:\/\/adhonores.alsace\/wp-content\/uploads\/2021\/03\/TES-400.jpg\" class=\"sow-image-grid-image_html\" alt=\"\" title=\"TES\" srcset=\"https:\/\/adhonores.alsace\/wp-content\/uploads\/2021\/03\/TES-400.jpg 400w, https:\/\/adhonores.alsace\/wp-content\/uploads\/2021\/03\/TES-400-300x225.jpg 300w\" sizes=\"auto, (max-width: 400px) 100vw, 400px\" \/>\t\t\t\t\t\t\t\t\t\t\t<\/div>\n\t\t\t\t\t<div class=\"sow-image-grid-image\">\n\t\t\t\t\t\t\t\t\t\t\t\t<img loading=\"lazy\" decoding=\"async\" width=\"400\" height=\"300\" src=\"https:\/\/adhonores.alsace\/wp-content\/uploads\/2021\/03\/abc-immodiag-400.jpg\" class=\"sow-image-grid-image_html\" alt=\"\" title=\"ABC IMMODIAG\" srcset=\"https:\/\/adhonores.alsace\/wp-content\/uploads\/2021\/03\/abc-immodiag-400.jpg 400w, https:\/\/adhonores.alsace\/wp-content\/uploads\/2021\/03\/abc-immodiag-400-300x225.jpg 300w\" sizes=\"auto, (max-width: 400px) 100vw, 400px\" \/>\t\t\t\t\t\t\t\t\t\t\t<\/div>\n\t\t\t\t\t<div class=\"sow-image-grid-image\">\n\t\t\t\t\t\t\t\t\t\t\t\t<img loading=\"lazy\" decoding=\"async\" width=\"400\" height=\"300\" src=\"https:\/\/adhonores.alsace\/wp-content\/uploads\/2021\/03\/domifa-400.jpg\" class=\"sow-image-grid-image_html\" alt=\"\" title=\"DO MI FA\" srcset=\"https:\/\/adhonores.alsace\/wp-content\/uploads\/2021\/03\/domifa-400.jpg 400w, https:\/\/adhonores.alsace\/wp-content\/uploads\/2021\/03\/domifa-400-300x225.jpg 300w\" sizes=\"auto, (max-width: 400px) 100vw, 400px\" \/>\t\t\t\t\t\t\t\t\t\t\t<\/div>\n\t\t\t\t\t<div class=\"sow-image-grid-image\">\n\t\t\t\t\t\t\t\t\t\t\t\t<img loading=\"lazy\" decoding=\"async\" width=\"400\" height=\"300\" src=\"https:\/\/adhonores.alsace\/wp-content\/uploads\/2021\/03\/cdg-68.jpg\" class=\"sow-image-grid-image_html\" alt=\"\" title=\"CDG 68\" srcset=\"https:\/\/adhonores.alsace\/wp-content\/uploads\/2021\/03\/cdg-68.jpg 400w, https:\/\/adhonores.alsace\/wp-content\/uploads\/2021\/03\/cdg-68-300x225.jpg 300w\" sizes=\"auto, (max-width: 400px) 100vw, 400px\" \/>\t\t\t\t\t\t\t\t\t\t\t<\/div>\n\t\t\t\t\t<div class=\"sow-image-grid-image\">\n\t\t\t\t\t\t\t\t\t\t\t\t<img loading=\"lazy\" decoding=\"async\" width=\"400\" height=\"300\" src=\"https:\/\/adhonores.alsace\/wp-content\/uploads\/2021\/03\/A2P.jpg\" class=\"sow-image-grid-image_html\" alt=\"\" title=\"\" srcset=\"https:\/\/adhonores.alsace\/wp-content\/uploads\/2021\/03\/A2P.jpg 400w, https:\/\/adhonores.alsace\/wp-content\/uploads\/2021\/03\/A2P-300x225.jpg 300w\" sizes=\"auto, (max-width: 400px) 100vw, 400px\" \/>\t\t\t\t\t\t\t\t\t\t\t<\/div>\n\t\t\t<\/div>\n<\/div><\/div><\/div><\/div><\/div>\n\n\n<hr class=\"wp-block-separator is-style-wide\"\/>\n\n\n\n<h1 class=\"has-text-color wp-block-heading\" style=\"color:#004b98\">Forum Emploi Reconversion 2018<\/h1>\n\n\n\n<h3 class=\"wp-block-heading\">Le 22 mars 2018 au CREF \u00e0 Colmar.<\/h3>\n\n\n\n<p>T\u00e9l\u00e9charger&nbsp;<a rel=\"noreferrer noopener\" href=\"https:\/\/adhonores.alsace\/wp-content\/uploads\/2021\/03\/forum-2018-presentation.pdf\" target=\"_blank\">la pr\u00e9sentation du Forum 2018<\/a>. | le programme des ateliers :&nbsp;<a rel=\"noreferrer noopener\" href=\"https:\/\/adhonores.alsace\/wp-content\/uploads\/2021\/03\/conferences-1-2018.pdf\" target=\"_blank\">Salle 1<\/a>&nbsp;|&nbsp;<a rel=\"noreferrer noopener\" href=\"https:\/\/adhonores.alsace\/wp-content\/uploads\/2021\/03\/conferences-2-2018.pdf\" target=\"_blank\">Salle 2<\/a><\/p>\n\n\n\n<p>DNA : <a rel=\"noreferrer noopener\" href=\"https:\/\/adhonores.alsace\/wp-content\/uploads\/2021\/08\/DNA-2018-03-Une-autre-vie-apres-larmee.pdf\" target=\"_blank\">une vie apr\u00e8s l&rsquo;arm\u00e9e<\/a> | DNA : <a href=\"https:\/\/adhonores.alsace\/wp-content\/uploads\/2021\/08\/DNA-2018-03-23-Forum-FER.pdf\" target=\"_blank\" rel=\"noreferrer noopener\">l&rsquo;avenir dans le civil<\/a><\/p>\n\n\n\n<h3 class=\"wp-block-heading\">La journ\u00e9e du Forum Emploi-reconversion<\/h3>\n\n\n\n<figure class=\"wp-block-gallery columns-5 is-cropped wp-block-gallery-1 is-layout-flex wp-block-gallery-is-layout-flex\"><ul class=\"blocks-gallery-grid\"><li class=\"blocks-gallery-item\"><figure><img loading=\"lazy\" decoding=\"async\" width=\"768\" height=\"1024\" src=\"https:\/\/adhonores.alsace\/wp-content\/uploads\/2021\/03\/IMG_1625-768x1024.jpg\" alt=\"\" data-id=\"262\" data-full-url=\"https:\/\/adhonores.alsace\/wp-content\/uploads\/2021\/03\/IMG_1625-scaled.jpg\" data-link=\"https:\/\/adhonores.alsace\/index.php\/fer-editions\/img_1625\/\" class=\"wp-image-262\" srcset=\"https:\/\/adhonores.alsace\/wp-content\/uploads\/2021\/03\/IMG_1625-768x1024.jpg 768w, https:\/\/adhonores.alsace\/wp-content\/uploads\/2021\/03\/IMG_1625-225x300.jpg 225w, https:\/\/adhonores.alsace\/wp-content\/uploads\/2021\/03\/IMG_1625-1152x1536.jpg 1152w, https:\/\/adhonores.alsace\/wp-content\/uploads\/2021\/03\/IMG_1625-1536x2048.jpg 1536w, https:\/\/adhonores.alsace\/wp-content\/uploads\/2021\/03\/IMG_1625-scaled.jpg 1920w\" sizes=\"auto, (max-width: 768px) 100vw, 768px\" \/><\/figure><\/li><li class=\"blocks-gallery-item\"><figure><img loading=\"lazy\" decoding=\"async\" width=\"768\" height=\"1024\" src=\"https:\/\/adhonores.alsace\/wp-content\/uploads\/2021\/03\/IMG_1617-768x1024.jpg\" alt=\"\" data-id=\"261\" data-full-url=\"https:\/\/adhonores.alsace\/wp-content\/uploads\/2021\/03\/IMG_1617-scaled.jpg\" data-link=\"https:\/\/adhonores.alsace\/index.php\/fer-editions\/img_1617\/\" class=\"wp-image-261\" srcset=\"https:\/\/adhonores.alsace\/wp-content\/uploads\/2021\/03\/IMG_1617-768x1024.jpg 768w, https:\/\/adhonores.alsace\/wp-content\/uploads\/2021\/03\/IMG_1617-225x300.jpg 225w, https:\/\/adhonores.alsace\/wp-content\/uploads\/2021\/03\/IMG_1617-1152x1536.jpg 1152w, https:\/\/adhonores.alsace\/wp-content\/uploads\/2021\/03\/IMG_1617-1536x2048.jpg 1536w, https:\/\/adhonores.alsace\/wp-content\/uploads\/2021\/03\/IMG_1617-scaled.jpg 1920w\" sizes=\"auto, (max-width: 768px) 100vw, 768px\" \/><\/figure><\/li><li class=\"blocks-gallery-item\"><figure><img loading=\"lazy\" decoding=\"async\" width=\"768\" height=\"1024\" src=\"https:\/\/adhonores.alsace\/wp-content\/uploads\/2021\/03\/IMG_1630-768x1024.jpg\" alt=\"\" data-id=\"259\" data-full-url=\"https:\/\/adhonores.alsace\/wp-content\/uploads\/2021\/03\/IMG_1630-scaled.jpg\" data-link=\"https:\/\/adhonores.alsace\/index.php\/fer-editions\/img_1630\/\" class=\"wp-image-259\" srcset=\"https:\/\/adhonores.alsace\/wp-content\/uploads\/2021\/03\/IMG_1630-768x1024.jpg 768w, https:\/\/adhonores.alsace\/wp-content\/uploads\/2021\/03\/IMG_1630-225x300.jpg 225w, https:\/\/adhonores.alsace\/wp-content\/uploads\/2021\/03\/IMG_1630-1152x1536.jpg 1152w, https:\/\/adhonores.alsace\/wp-content\/uploads\/2021\/03\/IMG_1630-1536x2048.jpg 1536w, https:\/\/adhonores.alsace\/wp-content\/uploads\/2021\/03\/IMG_1630-scaled.jpg 1920w\" sizes=\"auto, (max-width: 768px) 100vw, 768px\" \/><\/figure><\/li><li class=\"blocks-gallery-item\"><figure><img loading=\"lazy\" decoding=\"async\" width=\"768\" height=\"1024\" src=\"https:\/\/adhonores.alsace\/wp-content\/uploads\/2021\/03\/IMG_1627-768x1024.jpg\" alt=\"\" data-id=\"257\" data-full-url=\"https:\/\/adhonores.alsace\/wp-content\/uploads\/2021\/03\/IMG_1627-scaled.jpg\" data-link=\"https:\/\/adhonores.alsace\/index.php\/fer-editions\/img_1627\/\" class=\"wp-image-257\" srcset=\"https:\/\/adhonores.alsace\/wp-content\/uploads\/2021\/03\/IMG_1627-768x1024.jpg 768w, https:\/\/adhonores.alsace\/wp-content\/uploads\/2021\/03\/IMG_1627-225x300.jpg 225w, https:\/\/adhonores.alsace\/wp-content\/uploads\/2021\/03\/IMG_1627-1152x1536.jpg 1152w, https:\/\/adhonores.alsace\/wp-content\/uploads\/2021\/03\/IMG_1627-1536x2048.jpg 1536w, https:\/\/adhonores.alsace\/wp-content\/uploads\/2021\/03\/IMG_1627-scaled.jpg 1920w\" sizes=\"auto, (max-width: 768px) 100vw, 768px\" \/><\/figure><\/li><li class=\"blocks-gallery-item\"><figure><img loading=\"lazy\" decoding=\"async\" width=\"768\" height=\"1024\" src=\"https:\/\/adhonores.alsace\/wp-content\/uploads\/2021\/03\/IMG_1620-768x1024.jpg\" alt=\"\" data-id=\"256\" data-full-url=\"https:\/\/adhonores.alsace\/wp-content\/uploads\/2021\/03\/IMG_1620-scaled.jpg\" data-link=\"https:\/\/adhonores.alsace\/index.php\/fer-editions\/img_1620\/\" class=\"wp-image-256\" srcset=\"https:\/\/adhonores.alsace\/wp-content\/uploads\/2021\/03\/IMG_1620-768x1024.jpg 768w, https:\/\/adhonores.alsace\/wp-content\/uploads\/2021\/03\/IMG_1620-225x300.jpg 225w, https:\/\/adhonores.alsace\/wp-content\/uploads\/2021\/03\/IMG_1620-1152x1536.jpg 1152w, https:\/\/adhonores.alsace\/wp-content\/uploads\/2021\/03\/IMG_1620-1536x2048.jpg 1536w, https:\/\/adhonores.alsace\/wp-content\/uploads\/2021\/03\/IMG_1620-scaled.jpg 1920w\" sizes=\"auto, (max-width: 768px) 100vw, 768px\" \/><\/figure><\/li><li class=\"blocks-gallery-item\"><figure><img loading=\"lazy\" decoding=\"async\" width=\"1024\" height=\"710\" src=\"https:\/\/adhonores.alsace\/wp-content\/uploads\/2021\/03\/FER-2019-01-1024x710.jpg\" alt=\"\" data-id=\"253\" data-full-url=\"https:\/\/adhonores.alsace\/wp-content\/uploads\/2021\/03\/FER-2019-01.jpg\" data-link=\"https:\/\/adhonores.alsace\/index.php\/fer-editions\/fer-2019-01\/\" class=\"wp-image-253\" srcset=\"https:\/\/adhonores.alsace\/wp-content\/uploads\/2021\/03\/FER-2019-01-1024x710.jpg 1024w, https:\/\/adhonores.alsace\/wp-content\/uploads\/2021\/03\/FER-2019-01-300x208.jpg 300w, https:\/\/adhonores.alsace\/wp-content\/uploads\/2021\/03\/FER-2019-01-768x533.jpg 768w, https:\/\/adhonores.alsace\/wp-content\/uploads\/2021\/03\/FER-2019-01.jpg 1367w\" sizes=\"auto, (max-width: 1024px) 100vw, 1024px\" \/><\/figure><\/li><li class=\"blocks-gallery-item\"><figure><img loading=\"lazy\" decoding=\"async\" width=\"768\" height=\"1024\" src=\"https:\/\/adhonores.alsace\/wp-content\/uploads\/2021\/03\/IMG_1615-768x1024.jpg\" alt=\"\" data-id=\"251\" data-full-url=\"https:\/\/adhonores.alsace\/wp-content\/uploads\/2021\/03\/IMG_1615-scaled.jpg\" data-link=\"https:\/\/adhonores.alsace\/index.php\/fer-editions\/img_1615\/\" class=\"wp-image-251\" srcset=\"https:\/\/adhonores.alsace\/wp-content\/uploads\/2021\/03\/IMG_1615-768x1024.jpg 768w, https:\/\/adhonores.alsace\/wp-content\/uploads\/2021\/03\/IMG_1615-225x300.jpg 225w, https:\/\/adhonores.alsace\/wp-content\/uploads\/2021\/03\/IMG_1615-1152x1536.jpg 1152w, https:\/\/adhonores.alsace\/wp-content\/uploads\/2021\/03\/IMG_1615-1536x2048.jpg 1536w, https:\/\/adhonores.alsace\/wp-content\/uploads\/2021\/03\/IMG_1615-scaled.jpg 1920w\" sizes=\"auto, (max-width: 768px) 100vw, 768px\" \/><\/figure><\/li><li class=\"blocks-gallery-item\"><figure><img loading=\"lazy\" decoding=\"async\" width=\"768\" height=\"1024\" src=\"https:\/\/adhonores.alsace\/wp-content\/uploads\/2021\/03\/IMG_1614-768x1024.jpg\" alt=\"\" data-id=\"250\" data-full-url=\"https:\/\/adhonores.alsace\/wp-content\/uploads\/2021\/03\/IMG_1614-scaled.jpg\" data-link=\"https:\/\/adhonores.alsace\/index.php\/fer-editions\/img_1614\/\" class=\"wp-image-250\" srcset=\"https:\/\/adhonores.alsace\/wp-content\/uploads\/2021\/03\/IMG_1614-768x1024.jpg 768w, https:\/\/adhonores.alsace\/wp-content\/uploads\/2021\/03\/IMG_1614-225x300.jpg 225w, https:\/\/adhonores.alsace\/wp-content\/uploads\/2021\/03\/IMG_1614-1152x1536.jpg 1152w, https:\/\/adhonores.alsace\/wp-content\/uploads\/2021\/03\/IMG_1614-1536x2048.jpg 1536w, https:\/\/adhonores.alsace\/wp-content\/uploads\/2021\/03\/IMG_1614-scaled.jpg 1920w\" sizes=\"auto, (max-width: 768px) 100vw, 768px\" \/><\/figure><\/li><li class=\"blocks-gallery-item\"><figure><img loading=\"lazy\" decoding=\"async\" width=\"768\" height=\"1024\" src=\"https:\/\/adhonores.alsace\/wp-content\/uploads\/2021\/03\/IMG_1608-768x1024.jpg\" alt=\"\" data-id=\"249\" data-full-url=\"https:\/\/adhonores.alsace\/wp-content\/uploads\/2021\/03\/IMG_1608-scaled.jpg\" data-link=\"https:\/\/adhonores.alsace\/index.php\/fer-editions\/img_1608\/\" class=\"wp-image-249\" srcset=\"https:\/\/adhonores.alsace\/wp-content\/uploads\/2021\/03\/IMG_1608-768x1024.jpg 768w, https:\/\/adhonores.alsace\/wp-content\/uploads\/2021\/03\/IMG_1608-225x300.jpg 225w, https:\/\/adhonores.alsace\/wp-content\/uploads\/2021\/03\/IMG_1608-1152x1536.jpg 1152w, https:\/\/adhonores.alsace\/wp-content\/uploads\/2021\/03\/IMG_1608-1536x2048.jpg 1536w, https:\/\/adhonores.alsace\/wp-content\/uploads\/2021\/03\/IMG_1608-scaled.jpg 1920w\" sizes=\"auto, (max-width: 768px) 100vw, 768px\" \/><\/figure><\/li><\/ul><\/figure>\n\n\n\n<h3 class=\"wp-block-heading\">Les entreprises partenaires<\/h3>\n\n\n<div id=\"pl-gb54-69df72f286bc3\"  class=\"panel-layout\" ><div id=\"pg-gb54-69df72f286bc3-0\"  class=\"panel-grid panel-no-style\" ><div id=\"pgc-gb54-69df72f286bc3-0-0\"  class=\"panel-grid-cell\" ><div id=\"panel-gb54-69df72f286bc3-0-0-0\" class=\"so-panel widget widget_sow-image-grid panel-first-child panel-last-child widgetopts-SO\" data-index=\"0\" ><div\n\t\t\t\n\t\t\tclass=\"so-widget-sow-image-grid so-widget-sow-image-grid-default-3fbf13dff59f-54\"\n\t\t\t\n\t\t>\t<div\n\t\tclass=\"sow-image-grid-wrapper\"\n\t\tdata-max-width=\"200\"\t\t\t>\n\t\t\t\t\t<div class=\"sow-image-grid-image\">\n\t\t\t\t\t\t\t\t\t\t\t\t<img loading=\"lazy\" decoding=\"async\" width=\"400\" height=\"300\" src=\"https:\/\/adhonores.alsace\/wp-content\/uploads\/2021\/03\/ESTIM-400.jpg\" class=\"sow-image-grid-image_html\" alt=\"\" title=\"ESTIM\" srcset=\"https:\/\/adhonores.alsace\/wp-content\/uploads\/2021\/03\/ESTIM-400.jpg 400w, https:\/\/adhonores.alsace\/wp-content\/uploads\/2021\/03\/ESTIM-400-300x225.jpg 300w\" sizes=\"auto, (max-width: 400px) 100vw, 400px\" \/>\t\t\t\t\t\t\t\t\t\t\t<\/div>\n\t\t\t\t\t<div class=\"sow-image-grid-image\">\n\t\t\t\t\t\t\t\t\t\t\t\t<img loading=\"lazy\" decoding=\"async\" width=\"400\" height=\"300\" src=\"https:\/\/adhonores.alsace\/wp-content\/uploads\/2021\/03\/GEZIM.jpg\" class=\"sow-image-grid-image_html\" alt=\"\" title=\"GEZIM\" srcset=\"https:\/\/adhonores.alsace\/wp-content\/uploads\/2021\/03\/GEZIM.jpg 400w, https:\/\/adhonores.alsace\/wp-content\/uploads\/2021\/03\/GEZIM-300x225.jpg 300w\" sizes=\"auto, (max-width: 400px) 100vw, 400px\" \/>\t\t\t\t\t\t\t\t\t\t\t<\/div>\n\t\t\t\t\t<div class=\"sow-image-grid-image\">\n\t\t\t\t\t\t\t\t\t\t\t\t<img loading=\"lazy\" decoding=\"async\" width=\"400\" height=\"300\" src=\"https:\/\/adhonores.alsace\/wp-content\/uploads\/2021\/03\/LINGENHELD-400.jpg\" class=\"sow-image-grid-image_html\" alt=\"\" title=\"LINGENHELD\" srcset=\"https:\/\/adhonores.alsace\/wp-content\/uploads\/2021\/03\/LINGENHELD-400.jpg 400w, https:\/\/adhonores.alsace\/wp-content\/uploads\/2021\/03\/LINGENHELD-400-300x225.jpg 300w\" sizes=\"auto, (max-width: 400px) 100vw, 400px\" \/>\t\t\t\t\t\t\t\t\t\t\t<\/div>\n\t\t\t\t\t<div class=\"sow-image-grid-image\">\n\t\t\t\t\t\t\t\t\t\t\t\t<img loading=\"lazy\" decoding=\"async\" width=\"400\" height=\"300\" src=\"https:\/\/adhonores.alsace\/wp-content\/uploads\/2021\/03\/OFFRE-FORMATION.jpg\" class=\"sow-image-grid-image_html\" alt=\"\" title=\"OFFRE FORMATION\" srcset=\"https:\/\/adhonores.alsace\/wp-content\/uploads\/2021\/03\/OFFRE-FORMATION.jpg 400w, https:\/\/adhonores.alsace\/wp-content\/uploads\/2021\/03\/OFFRE-FORMATION-300x225.jpg 300w\" sizes=\"auto, (max-width: 400px) 100vw, 400px\" \/>\t\t\t\t\t\t\t\t\t\t\t<\/div>\n\t\t\t\t\t<div class=\"sow-image-grid-image\">\n\t\t\t\t\t\t\t\t\t\t\t\t<img loading=\"lazy\" decoding=\"async\" width=\"400\" height=\"300\" src=\"https:\/\/adhonores.alsace\/wp-content\/uploads\/2021\/03\/SOCIETE-GENERALE-400.jpg\" class=\"sow-image-grid-image_html\" alt=\"\" title=\"SOCIETE GENERALE\" srcset=\"https:\/\/adhonores.alsace\/wp-content\/uploads\/2021\/03\/SOCIETE-GENERALE-400.jpg 400w, https:\/\/adhonores.alsace\/wp-content\/uploads\/2021\/03\/SOCIETE-GENERALE-400-300x225.jpg 300w\" sizes=\"auto, (max-width: 400px) 100vw, 400px\" \/>\t\t\t\t\t\t\t\t\t\t\t<\/div>\n\t\t\t\t\t<div class=\"sow-image-grid-image\">\n\t\t\t\t\t\t\t\t\t\t\t\t<img loading=\"lazy\" decoding=\"async\" width=\"400\" height=\"300\" src=\"https:\/\/adhonores.alsace\/wp-content\/uploads\/2021\/03\/TES-400.jpg\" class=\"sow-image-grid-image_html\" alt=\"\" title=\"TES\" srcset=\"https:\/\/adhonores.alsace\/wp-content\/uploads\/2021\/03\/TES-400.jpg 400w, https:\/\/adhonores.alsace\/wp-content\/uploads\/2021\/03\/TES-400-300x225.jpg 300w\" sizes=\"auto, (max-width: 400px) 100vw, 400px\" \/>\t\t\t\t\t\t\t\t\t\t\t<\/div>\n\t\t\t\t\t<div class=\"sow-image-grid-image\">\n\t\t\t\t\t\t\t\t\t\t\t\t<img loading=\"lazy\" decoding=\"async\" width=\"400\" height=\"300\" src=\"https:\/\/adhonores.alsace\/wp-content\/uploads\/2021\/03\/EPS-400.jpg\" class=\"sow-image-grid-image_html\" alt=\"\" title=\"EPS\" srcset=\"https:\/\/adhonores.alsace\/wp-content\/uploads\/2021\/03\/EPS-400.jpg 400w, https:\/\/adhonores.alsace\/wp-content\/uploads\/2021\/03\/EPS-400-300x225.jpg 300w\" sizes=\"auto, (max-width: 400px) 100vw, 400px\" \/>\t\t\t\t\t\t\t\t\t\t\t<\/div>\n\t\t\t<\/div>\n<\/div><\/div><\/div><\/div><\/div>\n\n\n<p><\/p>\n","protected":false},"excerpt":{"rendered":"<p>FER &#8211; EDITIONS PASSEES Forum Emploi Reconversion 2020 Le 19 mars 2020 au CREF de Colmar. T\u00e9l\u00e9charger&nbsp;la pr\u00e9sentation du Forum FER 2020. Le Forum a \u00e9t\u00e9 annul\u00e9 compte tenu de la situation sanitaire en France. Forum Emploi Reconversion 2019 Le 21 mars 2019 au CREF \u00e0 Colmar. T\u00e9l\u00e9charger&nbsp;le programme des conf\u00e9rences. | la pr\u00e9sentation du [&hellip;]<\/p>\n","protected":false},"author":1,"featured_media":0,"parent":0,"menu_order":0,"comment_status":"closed","ping_status":"closed","template":"page-templates\/page-full-width.php","meta":{"footnotes":""},"class_list":["post-54","page","type-page","status-publish","hentry"],"_links":{"self":[{"href":"https:\/\/adhonores.alsace\/index.php\/wp-json\/wp\/v2\/pages\/54","targetHints":{"allow":["GET"]}}],"collection":[{"href":"https:\/\/adhonores.alsace\/index.php\/wp-json\/wp\/v2\/pages"}],"about":[{"href":"https:\/\/adhonores.alsace\/index.php\/wp-json\/wp\/v2\/types\/page"}],"author":[{"embeddable":true,"href":"https:\/\/adhonores.alsace\/index.php\/wp-json\/wp\/v2\/users\/1"}],"replies":[{"embeddable":true,"href":"https:\/\/adhonores.alsace\/index.php\/wp-json\/wp\/v2\/comments?post=54"}],"version-history":[{"count":46,"href":"https:\/\/adhonores.alsace\/index.php\/wp-json\/wp\/v2\/pages\/54\/revisions"}],"predecessor-version":[{"id":1483,"href":"https:\/\/adhonores.alsace\/index.php\/wp-json\/wp\/v2\/pages\/54\/revisions\/1483"}],"wp:attachment":[{"href":"https:\/\/adhonores.alsace\/index.php\/wp-json\/wp\/v2\/media?parent=54"}],"curies":[{"name":"wp","href":"https:\/\/api.w.org\/{rel}","templated":true}]}}